
What is the units digit of 32763093?
3
What is the hundred thousands digit of 423121163?
1
What is the thousands digit of 960216118?
6
What is the hundreds digit of 133906132?
1
What is the billions digit of 3391160137?
3
What is the ten thousands digit of 5959458560?
5
What is the hundred thousands digit of 4067700423?
7
What is the billions digit of 4367081850?
4
What is the thousands digit of 557580?
7
What is the billions digit of 1514735970?
1
What is the hundred thousands digit of 157516573?
5
What is the millions digit of 77313594?
7
What is the millions digit of 1931210462?
1
What is the ten millions digit of 88288761?
8
What is the hundred thousands digit of 225867035?
8
What is the tens digit of 863192516?
1
What is the ten thousands digit of 2462887838?
8
What is the thousands digit of 468068601?
8
What is the hundred millions digit of 3898157023?
8
What is the units digit of 3817024?
4
What is the thousands digit of 1947248111?
8
What is the hundreds digit of 310994942?
9
What is the hundreds digit of 697152088?
0
What is the ten millions digit of 11991127?
1
What is the millions digit of 1345138?
1
What is the ten millions digit of 2683675714?
8
What is the millions digit of 502150259?
2
What is the ten thousands digit of 1170622?
7
What is the units digit of 7397478843?
3
What is the ten thousands digit of 144108983?
0
What is the units digit of 2910025314?
4
What is the hundreds digit of 238997787?
7
What is the hundreds digit of 3916955741?
7
What is the hundred millions digit of 507895518?
5
What is the hundred thousands digit of 41027248?
0
What is the hundreds digit of 96550827?
8
What is the tens digit of 473641203?
0
What is the ten millions digit of 122743640?
2
What is the ten millions digit of 449355322?
4
What is the tens digit of 34869370?
7
What is the thousands digit of 53170511?
0
What is the millions digit of 1292286299?
2
What is the units digit of 2160019?
9
What is the units digit of 777982993?
3
What is the ten millions digit of 631546223?
3
What is the tens digit of 137830033?
3
What is the millions digit of 134788231?
4
What is the hundred millions digit of 2276907177?
2
What is the units digit of 93242879?
9
What is the thousands digit of 86051?
6
What is the billions digit of 4298365286?
4
What is the millions digit of 53608976?
3
What is the tens digit of 1185201351?
5
What is the millions digit of 38855695?
8
What is the ten thousands digit of 1809633916?
3
What is the thousands digit of 428206?
8
What is the hundred thousands digit of 554954126?
9
What is the thousands digit of 1767333734?
3
What is the ten thousands digit of 785829903?
2
What is the hundreds digit of 162289772?
7
What is the hundred thousands digit of 44897686?
8
What is the millions digit of 2923390214?
3
What is the hundred thousands digit of 515595575?
5
What is the millions digit of 83049212?
3
What is the units digit of 25498458?
8
What is the millions digit of 533391309?
3
What is the hundred millions digit of 2311341959?
3
What is the tens digit of 690350246?
4
What is the hundreds digit of 54207408?
4
What is the hundreds digit of 5818679?
6
What is the units digit of 17473311?
1
What is the tens digit of 3176989271?
7
What is the thousands digit of 188955288?
5
What is the tens digit of 205962750?
5
What is the ten millions digit of 19160445?
1
What is the thousands digit of 1312981685?
1
What is the hundreds digit of 196601294?
2
What is the tens digit of 675554989?
8
What is the tens digit of 61717049?
4
What is the ten millions digit of 123365541?
2
What is the units digit of 746796246?
6
What is the millions digit of 82976338?
2
What is the units digit of 256064694?
4
What is the thousands digit of 30605735?
5
What is the tens digit of 26379132?
3
What is the ten thousands digit of 1055310275?
1
What is the ten thousands digit of 15304101?
0
What is the hundred thousands digit of 211887668?
8
What is the hundreds digit of 65413203?
2
What is the hundred millions digit of 2319186009?
3
What is the thousands digit of 305839129?
9
What is the tens digit of 25839608?
0
What is the ten millions digit of 962373105?
6
What is the millions digit of 4653242570?
3
What is the thousands digit of 382959581?
9
What is the units digit of 38642337?
7
What is the thousands digit of 47708717?
8
What is the hundred millions digit of 376908360?
3
What is the ten millions digit of 48313870?
4
What is the units digit of 1358980031?
1
What is the tens digit of 2834167154?
5
What is the units digit of 266892392?
2
What is the ten thousands digit of 222293221?
9
What is the hundreds digit of 2173961149?
1
What is the hundreds digit of 6276643652?
6
What is the tens digit of 204667888?
8
What is the ten thousands digit of 84336240?
3
What is the units digit of 3565279?
9
What is the hundred thousands digit of 17492467?
4
What is the ten millions digit of 171538780?
7
What is the hundred millions digit of 2101558534?
1
What is the ten thousands digit of 43936973?
3
What is the thousands digit of 114188360?
8
What is the hundred thousands digit of 107069433?
0
What is the thousands digit of 4126451472?
1
What is the millions digit of 679953852?
9
What is the units digit of 385489483?
3
What is the ten millions digit of 396518211?
9
What is the units digit of 963474701?
1
What is the millions digit of 116569283?
6
What is the tens digit of 2973162711?
1
What is the tens digit of 52214383?
8
What is the tens digit of 609678991?
9
What is the ten thousands digit of 53621760?
2
What is the thousands digit of 17823723?
3
What is the hundred millions digit of 653281925?
6
What is the units digit of 847748705?
5
What is the ten millions digit of 78669467?
7
What is the thousands digit of 482215807?
5
What is the thousands digit of 312063867?
3
What is the millions digit of 29166304?
9
What is the units digit of 118158588?
8
What is the thousands digit of 6295343?
5
What is the hundreds digit of 7079548?
5
What is the units digit of 19141160?
0
What is the units digit of 394480515?
5
What is the units digit of 1463753703?
3
What is the tens digit of 7003113518?
1
What is the hundred millions digit of 324769250?
3
What is the hundred thousands digit of 63199455?
1
What is the ten millions digit of 440531847?
4
What is the ten millions digit of 21359726?
2
What is the hundred thousands digit of 147668586?
6
What is the hundred thousands digit of 1906435738?
4
What is the ten millions digit of 47217005?
4
What is the hundreds digit of 2461548801?
8
What is the ten thousands digit of 2929117562?
1
What is the ten millions digit of 1894735806?
9
What is the hundreds digit of 31833609?
6
What is the tens digit of 3294395021?
2
What is the tens digit of 93978332?
3
What is the ten thousands digit of 37882874?
8
What is the tens digit of 1078025737?
3
What is the hundreds digit of 39610934?
9
What is the hundred thousands digit of 146163905?
1
What is the hundreds digit of 56857488?
4
What is the millions digit of 58309912?
8
What is the thousands digit of 26575527?
5
What is the millions digit of 1321098105?
1
What is the thousands digit of 737695029?
5
What is the hundreds digit of 88044172?
1
What is the hundred thousands digit of 39932509?
9
What is the millions digit of 113323669?
3
What is the millions digit of 94743654?
4
What is the tens digit of 27571356?
5
What is the millions digit of 59538874?
9
What is the tens digit of 131960333?
3
What is the thousands digit of 228936768?
6
What is the millions digit of 14441171?
4
What is the ten millions digit of 384140248?
8
What is the ten millions digit of 945087649?
4
What is the tens digit of 31347645?
4
What is the tens digit of 30132985?
8
What is the hundred thousands digit of 1499226767?
2
What is the hundred thousands digit of 402372605?
3
What is the hundred thousands digit of 4008698160?
6
What is the hundred thousands digit of 447543473?
5
What is the millions digit of 3632378006?
2
What is the hundreds digit of 419237481?
4
What is the tens digit of 669105022?
2
What is the hundred thousands digit of 81044099?
0
What is the hundred millions digit of 1435950418?
4
What is the ten thousands digit of 1413557522?
5
What is the billions digit of 1614861050?
1
What is the millions digit of 50663599?
0